[INFO] fetching crate netapp 0.6.1...
[INFO] checking netapp-0.6.1 against master#e6e4f7ed1589e03bc2f6c5931c1a72e7947e8682 for beta-170-4
[INFO] extracting crate netapp 0.6.1 into /workspace/builds/worker-2-tc2/source
[INFO] validating manifest of crates.io crate netapp 0.6.1 on toolchain e6e4f7ed1589e03bc2f6c5931c1a72e7947e8682
[INFO] running `Command { std: CARGO_HOME="/workspace/cargo-home" RUSTUP_HOME="/workspace/rustup-home" "/workspace/cargo-home/bin/cargo" "+e6e4f7ed1589e03bc2f6c5931c1a72e7947e8682" "metadata" "--manifest-path" "Cargo.toml" "--no-deps", kill_on_drop: false }`
[INFO] started tweaking crates.io crate netapp 0.6.1
[INFO] finished tweaking crates.io crate netapp 0.6.1
[INFO] tweaked toml for crates.io crate netapp 0.6.1 written to /workspace/builds/worker-2-tc2/source/Cargo.toml
[INFO] crate crates.io crate netapp 0.6.1 already has a lockfile, it will not be regenerated
[INFO] running `Command { std: CARGO_HOME="/workspace/cargo-home" RUSTUP_HOME="/workspace/rustup-home" "/workspace/cargo-home/bin/cargo" "+e6e4f7ed1589e03bc2f6c5931c1a72e7947e8682" "fetch" "--manifest-path" "Cargo.toml", kill_on_drop: false }`
[INFO] running `Command { std: "docker" "create" "-v" "/var/lib/crater-agent-workspace/builds/worker-2-tc2/target:/opt/rustwide/target:rw,Z" "-v" "/var/lib/crater-agent-workspace/builds/worker-2-tc2/source:/opt/rustwide/workdir:ro,Z" "-v" "/var/lib/crater-agent-workspace/cargo-home:/opt/rustwide/cargo-home:ro,Z" "-v" "/var/lib/crater-agent-workspace/rustup-home:/opt/rustwide/rustup-home:ro,Z" "-e" "SOURCE_DIR=/opt/rustwide/workdir" "-e" "CARGO_TARGET_DIR=/opt/rustwide/target" "-e" "CARGO_HOME=/opt/rustwide/cargo-home" "-e" "RUSTUP_HOME=/opt/rustwide/rustup-home" "-w" "/opt/rustwide/workdir" "-m" "1610612736" "--user" "0:0" "--network" "none" "ghcr.io/rust-lang/crates-build-env/linux@sha256:19e73879b68f455e41552ea35293514db52ea292d993f571636dbffedb77a1ee" "/opt/rustwide/cargo-home/bin/cargo" "+e6e4f7ed1589e03bc2f6c5931c1a72e7947e8682" "metadata" "--no-deps" "--format-version=1", kill_on_drop: false }`
[INFO] [stdout] 6f1a683a182ec3a9e2733d101030afd4f5aed17f6e5e243200955d2175c01495
[INFO] running `Command { std: "docker" "start" "-a" "6f1a683a182ec3a9e2733d101030afd4f5aed17f6e5e243200955d2175c01495", kill_on_drop: false }`
[INFO] running `Command { std: "docker" "inspect" "6f1a683a182ec3a9e2733d101030afd4f5aed17f6e5e243200955d2175c01495", kill_on_drop: false }`
[INFO] running `Command { std: "docker" "rm" "-f" "6f1a683a182ec3a9e2733d101030afd4f5aed17f6e5e243200955d2175c01495", kill_on_drop: false }`
[INFO] [stdout] 6f1a683a182ec3a9e2733d101030afd4f5aed17f6e5e243200955d2175c01495
[INFO] running `Command { std: "docker" "create" "-v" "/var/lib/crater-agent-workspace/builds/worker-2-tc2/target:/opt/rustwide/target:rw,Z" "-v" "/var/lib/crater-agent-workspace/builds/worker-2-tc2/source:/opt/rustwide/workdir:ro,Z" "-v" "/var/lib/crater-agent-workspace/cargo-home:/opt/rustwide/cargo-home:ro,Z" "-v" "/var/lib/crater-agent-workspace/rustup-home:/opt/rustwide/rustup-home:ro,Z" "-e" "SOURCE_DIR=/opt/rustwide/workdir" "-e" "CARGO_TARGET_DIR=/opt/rustwide/target" "-e" "CARGO_INCREMENTAL=0" "-e" "RUST_BACKTRACE=full" "-e" "RUSTFLAGS=--cap-lints=forbid" "-e" "RUSTDOCFLAGS=--cap-lints=forbid" "-e" "CARGO_HOME=/opt/rustwide/cargo-home" "-e" "RUSTUP_HOME=/opt/rustwide/rustup-home" "-w" "/opt/rustwide/workdir" "-m" "1610612736" "--user" "0:0" "--network" "none" "ghcr.io/rust-lang/crates-build-env/linux@sha256:19e73879b68f455e41552ea35293514db52ea292d993f571636dbffedb77a1ee" "/opt/rustwide/cargo-home/bin/cargo" "+e6e4f7ed1589e03bc2f6c5931c1a72e7947e8682" "check" "--frozen" "--all" "--all-targets" "--message-format=json", kill_on_drop: false }`
[INFO] [stdout] ac374e674f4cdbb752cdee8a7346cb19b51abddf1a0804f16bd3acdf941609f8
[INFO] running `Command { std: "docker" "start" "-a" "ac374e674f4cdbb752cdee8a7346cb19b51abddf1a0804f16bd3acdf941609f8", kill_on_drop: false }`
[INFO] [stderr]    Compiling proc-macro2 v1.0.52
[INFO] [stderr]    Compiling quote v1.0.26
[INFO] [stderr]    Compiling syn v1.0.109
[INFO] [stderr]    Compiling libc v0.2.140
[INFO] [stderr]    Compiling futures-core v0.3.27
[INFO] [stderr]    Compiling futures-channel v0.3.27
[INFO] [stderr]    Compiling futures-task v0.3.27
[INFO] [stderr]    Compiling serde_derive v1.0.155
[INFO] [stderr]    Compiling same-file v1.0.6
[INFO] [stderr]    Compiling slab v0.4.8
[INFO] [stderr]     Checking futures-sink v0.3.27
[INFO] [stderr]    Compiling serde v1.0.155
[INFO] [stderr]     Checking futures-io v0.3.27
[INFO] [stderr]    Compiling futures-util v0.3.27
[INFO] [stderr]    Compiling rustversion v1.0.12
[INFO] [stderr]    Compiling tokio v1.26.0
[INFO] [stderr]    Compiling paste v1.0.12
[INFO] [stderr]    Compiling walkdir v2.3.2
[INFO] [stderr]    Compiling thiserror v1.0.39
[INFO] [stderr]    Compiling async-trait v0.1.66
[INFO] [stderr]    Compiling unicode-xid v0.2.4
[INFO] [stderr]     Checking aho-corasick v0.7.20
[INFO] [stderr]     Checking regex-syntax v0.6.28
[INFO] [stderr]     Checking clap v2.34.0
[INFO] [stderr]     Checking num-integer v0.1.45
[INFO] [stderr]     Checking arc-swap v1.6.0
[INFO] [stderr]     Checking iana-time-zone v0.1.53
[INFO] [stderr]    Compiling libsodium-sys v0.2.7
[INFO] [stderr]     Checking rmp v0.8.11
[INFO] [stderr]    Compiling err-derive v0.3.1
[INFO] [stderr]    Compiling proc-macro-error-attr v1.0.4
[INFO] [stderr]     Checking mio v0.8.6
[INFO] [stderr]     Checking num_cpus v1.15.0
[INFO] [stderr]     Checking getrandom v0.2.8
[INFO] [stderr]     Checking signal-hook-registry v1.4.1
[INFO] [stderr]     Checking socket2 v0.4.9
[INFO] [stderr]     Checking atty v0.2.14
[INFO] [stderr]     Checking time v0.1.45
[INFO] [stderr]     Checking rand_core v0.6.4
[INFO] [stderr]     Checking chrono v0.4.24
[INFO] [stderr]     Checking rand_chacha v0.3.1
[INFO] [stderr]     Checking regex v1.7.1
[INFO] [stderr]     Checking rand v0.8.5
[INFO] [stderr]     Checking env_logger v0.9.3
[INFO] [stderr]    Compiling proc-macro-error v1.0.4
[INFO] [stderr]    Compiling synstructure v0.12.6
[INFO] [stderr]    Compiling futures-macro v0.3.27
[INFO] [stderr]    Compiling tokio-macros v1.8.2
[INFO] [stderr]    Compiling thiserror-impl v1.0.39
[INFO] [stderr]    Compiling pin-project-internal v1.0.12
[INFO] [stderr]    Compiling structopt-derive v0.4.18
[INFO] [stderr]     Checking pin-project v1.0.12
[INFO] [stderr]     Checking structopt v0.3.26
[INFO] [stderr]     Checking futures-executor v0.3.27
[INFO] [stderr]     Checking tokio-util v0.7.7
[INFO] [stderr]     Checking tokio-stream v0.1.12
[INFO] [stderr]     Checking futures v0.3.27
[INFO] [stderr]     Checking rmp-serde v0.15.5
[INFO] [stderr]     Checking kuska-sodiumoxide v0.2.5-0
[INFO] [stderr]     Checking kuska-handshake v0.2.0
[INFO] [stderr]     Checking netapp v0.6.1 (/opt/rustwide/workdir)
[INFO] [stdout] error[E0432]: unresolved import `netapp::peering::basalt`
[INFO] [stdout]   --> examples/basalt.rs:19:22
[INFO] [stdout]    |
[INFO] [stdout] 19 | use netapp::peering::basalt::*;
[INFO] [stdout]    |                      ^^^^^^ could not find `basalt` in `peering`
[INFO] [stdout] 
[INFO] [stdout] 
[INFO] [stdout] error[E0412]: cannot find type `Basalt` in this scope
[INFO] [stdout]   --> examples/basalt.rs:59:14
[INFO] [stdout]    |
[INFO] [stdout] 59 |     basalt: Arc<Basalt>,
[INFO] [stdout]    |                 ^^^^^^ not found in this scope
[INFO] [stdout]    |
[INFO] [stdout] help: you might be missing a type parameter
[INFO] [stdout]    |
[INFO] [stdout] 57 | struct Example<Basalt> {
[INFO] [stdout]    |               ++++++++
[INFO] [stdout] 
[INFO] [stdout] 
[INFO] [stdout] error[E0422]: cannot find struct, variant or union type `BasaltParams` in this scope
[INFO] [stdout]    --> examples/basalt.rs:105:22
[INFO] [stdout]     |
[INFO] [stdout] 105 |     let basalt_params = BasaltParams {
[INFO] [stdout]     |                         ^^^^^^^^^^^^ not found in this scope
[INFO] [stdout] 
[INFO] [stdout] 
[INFO] [stdout] error[E0433]: failed to resolve: use of undeclared type `Basalt`
[INFO] [stdout]    --> examples/basalt.rs:112:15
[INFO] [stdout]     |
[INFO] [stdout] 112 |     let basalt = Basalt::new(netapp.clone(), bootstrap_peers, basalt_params);
[INFO] [stdout]     |                  ^^^^^^ use of undeclared type `Basalt`
[INFO] [stdout] 
[INFO] [stdout] 
[INFO] [stdout] error[E0599]: no method named `poll` found for struct `Pin<_>` in the current scope
[INFO] [stdout]    --> examples/basalt.rs:126:2
[INFO] [stdout]     |
[INFO] [stdout] 126 | /     tokio::join!(
[INFO] [stdout] 127 | |         example.clone().sampling_loop(watch_cancel.clone()),
[INFO] [stdout] 128 | |         example
[INFO] [stdout] 129 | |             .netapp
[INFO] [stdout] ...   |
[INFO] [stdout] 132 | |         example.basalt.clone().run(watch_cancel.clone()),
[INFO] [stdout] 133 | |     );
[INFO] [stdout]     | |_____^ method not found in `Pin<_>`
[INFO] [stdout]    --> /rustc/e6e4f7ed1589e03bc2f6c5931c1a72e7947e8682/library/core/src/future/future.rs:105:8
[INFO] [stdout]     |
[INFO] [stdout]     = note: the method is available for `Pin<_>` here
[INFO] [stdout]     |
[INFO] [stdout]     = note: this error originates in the macro `$crate::join` which comes from the expansion of the macro `tokio::join` (in Nightly builds, run with -Z macro-backtrace for more info)
[INFO] [stdout] help: one of the expressions' fields has a method of the same name
[INFO] [stdout]    --> /opt/rustwide/cargo-home/registry/src/index.crates.io-6f17d22bba15001f/tokio-1.26.0/src/macros/join.rs:126:28
[INFO] [stdout]     |
[INFO] [stdout] 126 |                     if fut.pointer.poll(cx).is_pending() {
[INFO] [stdout]     |                            ++++++++
[INFO] [stdout] 
[INFO] [stdout] 
[INFO] [stdout] error[E0599]: no method named `take_output` found for struct `Pin<_>` in the current scope
[INFO] [stdout]    --> examples/basalt.rs:126:2
[INFO] [stdout]     |
[INFO] [stdout] 126 | /     tokio::join!(
[INFO] [stdout] 127 | |         example.clone().sampling_loop(watch_cancel.clone()),
[INFO] [stdout] 128 | |         example
[INFO] [stdout] 129 | |             .netapp
[INFO] [stdout] ...   |
[INFO] [stdout] 132 | |         example.basalt.clone().run(watch_cancel.clone()),
[INFO] [stdout] 133 | |     );
[INFO] [stdout]     | |_____^ method not found in `Pin<_>`
[INFO] [stdout]     |
[INFO] [stdout]     = note: this error originates in the macro `$crate::join` which comes from the expansion of the macro `tokio::join` (in Nightly builds, run with -Z macro-backtrace for more info)
[INFO] [stdout] 
[INFO] [stdout] 
[INFO] [stdout] error: aborting due to 6 previous errors
[INFO] [stdout] 
[INFO] [stdout] 
[INFO] [stdout] Some errors have detailed explanations: E0412, E0422, E0432, E0433, E0599.
[INFO] [stdout] 
[INFO] [stdout] For more information about an error, try `rustc --explain E0412`.
[INFO] [stdout] 
[INFO] [stderr] error: could not compile `netapp` (example "basalt") due to 7 previous errors
[INFO] [stderr] warning: build failed, waiting for other jobs to finish...
[INFO] running `Command { std: "docker" "inspect" "ac374e674f4cdbb752cdee8a7346cb19b51abddf1a0804f16bd3acdf941609f8", kill_on_drop: false }`
[INFO] running `Command { std: "docker" "rm" "-f" "ac374e674f4cdbb752cdee8a7346cb19b51abddf1a0804f16bd3acdf941609f8", kill_on_drop: false }`
[INFO] [stdout] ac374e674f4cdbb752cdee8a7346cb19b51abddf1a0804f16bd3acdf941609f8
